s divided by 11?
8
What is the remainder when 252 is divided by 11?
10
Calculate the remainder when 221 is divided by 14.
11
What is the remainder when 758 is divided by 152?
150
What is the remainder when 5241 is divided by 16?
9
What is the remainder when 432 is divided by 87?
84
Calculate the remainder when 87 is divided by 40.
7
What is the remainder when 9007 is divided by 53?
50
What is the remainder when 499 is divided by 150?
49
Calculate the remainder when 66 is divided by 23.
20
What is the remainder when 37 is divided by 32?
5
Calculate the remainder when 345 is divided by 85.
5
What is the remainder when 274 is divided by 11?
10
Calculate the remainder when 690 is divided by 99.
96
What is the remainder when 1212 is divided by 42?
36
What is the remainder when 116 is divided by 44?
28
Calculate the remainder when 543 is divided by 24.
15
Calculate the remainder when 523 is divided by 78.
55
Calculate the remainder when 989 is divided by 462.
65
What is the remainder when 2577 is divided by 20?
17
Calculate the remainder when 448 is divided by 143.
19
Calculate the remainder when 282 is divided by 149.
133
What is the remainder when 446 is divided by 114?
104
What is the remainder when 2594 is divided by 369?
11
Calculate the remainder when 30 is divided by 28.
2
What is the remainder when 399 is divided by 40?
39
Calculate the remainder when 392 is divided by 125.
17
Calculate the remainder when 1187 is divided by 11.
10
Calculate the remainder when 1931 is divided by 28.
27
Calculate the remainder when 103 is divided by 35.
33
Calculate the remainder when 134 is divided by 61.
12
Calculate the remainder when 189 is divided by 78.
33
What is the remainder when 321 is divided by 74?
25
Calculate the remainder when 504 is divided by 75.
54
What is the remainder when 72 is divided by 60?
12
What is the remainder when 1917 is divided by 30?
27
What is the remainder when 314 is divided by 160?
154
What is the remainder when 322 is divided by 82?
76
Calculate the remainder when 524 is divided by 16.
12
What is the remainder when 279 is divided by 158?
121
Calculate the remainder when 101 is divided by 35.
31
Calculate the remainder when 20 is divided by 3.
2
What is the remainder when 807 is divided by 348?
111
Calculate the remainder when 1404 is divided by 38.
36
What is the remainder when 437 is divided by 88?
85
What is the remainder when 602 is divided by 26?
4
What is the remainder when 20 is divided by 3?
2
What is the remainder when 4148 is divided by 25?
23
What is the remainder when 1068 is divided by 107?
105
What is the remainder when 1728 is divided by 13?
12
Calculate the remainder when 118 is divided by 46.
26
What is the remainder when 648 is divided by 214?
6
Calculate the remainder when 455 is divided by 129.
68
What is the remainder when 132 is divided by 15?
12
What is the remainder when 4574 is divided by 25?
24
Calculate the remainder when 162 is divided by 34.
26
Calculate the remainder when 4037 is divided by 672.
5
What is the remainder when 898 is divided by 45?
43
What is the remainder when 1802 is divided by 890?
22
What is the remainder when 214 is divided by 46?
30
What is the remainder when 228 is divided by 9?
3
What is the remainder when 220 is divided by 28?
24
What is the remainder when 21 is divided by 4?
1
What is the remainder when 608 is divided by 87?
86
What is the remainder when 253 is divided by 29?
21
Calculate the remainder when 515 is divided by 12.
11
What is the remainder when 2364 is divided by 343?
306
What is the remainder when 4993 is divided by 11?
10
What is the remainder when 17631 is divided by 38?
37
What is the remainder when 2209 is divided by 85?
84
What is the remainder when 571 is divided by 32?
27
Calculate the remainder when 380 is divided by 122.
14
Calculate the remainder when 642 is divided by 91.
5
Calculate the remainder when 16 is divided by 4.
0
Calculate the remainder when 623 is divided by 124.
3
Calculate the remainder when 2433 is divided by 116.
113
Calculate the remainder when 919 is divided by 40.
39
Calculate the remainder when 72287 is divided by 96.
95
What is the remainder when 324 is divided by 70?
44
What is the remainder when 4579 is divided by 2288?
3
Calculate the remainder when 1194 is divided by 20.
14
What is the remainder when 84 is divided by 39?
6
Calculate the remainder when 1070 is divided by 27.
17
Calculate the remainder when 4056 is divided by 337.
12
What is the remainder when 1167 is divided by 26?
23
What is the remainder when 2101 is divided by 304?
277
What is the remainder when 476 is divided by 12?
8
Calculate the remainder when 293 is divided by 82.
47
Calculate the remainder when 172 is divided by 15.
7
Calculate the remainder when 454 is divided by 106.
30
Calculate the remainder when 472 is divided by 120.
112
What is the remainder when 102 is divided by 36?
30
Calculate the remainder when 3366 is divided by 88.
22
Calculate the remainder when 12 is divided by 11.
1
Calculate the remainder when 145 is divided by 7.
5
What is the remainder when 671 is divided by 643?
28
Calculate the remainder when 20 is divided by 2.
0
Calculate the remainder when 1547 is divided by 62.
59
Calculate the remainder when 1207 is divided by 135.
127
Calculate the remainder when 42 is divided by 33.
9
What is the remainder when 594 is divided by 23?
19
Calculate the remainder when 11 is divided by 4.
3
What is the remainder when 131 is divided by 19?
17
What is the remainder when 490 is divided by 17?
14
Calculate the remainder when 1290 is divided by 37.
32
Calculate the remainder when 103 is divided by 21.
19
Calculate the remainder when 26384 is divided by 167.
165
Calculate the remainder when 1151 is divided by 287.
3
Calculate the remainder when 227 is divided by 80.
67
Calculate the remainder when 332 is divided by 114.
104
Calculate the remainder when 24 is divided by 11.
2
What is the remainder when 927 is divided by 186?
183
What is the remainder when 35 is divided by 18?
17
What is the remainder when 354 is divided by 202?
152
Calculate the remainder when 328 is divided by 160.
8
What is the remainder when 306 is divided by 20?
6
What is the remainder when 54 is divided by 24?
6
Calculate the remainder when 173 is divided by 22.
19
What is the remainder when 190 is divided by 149?
41
Calculate the remainder when 383 is divided by 87.
35
Calculate the remainder when 331 is divided by 72.
43
Calculate the remainder when 64 is divided by 54.
10
Calculate the remainder when 131 is divided by 17.
12
Calculate the remainder when 4373 is divided by 9.
8
What is the remainder when 207 is divided by 112?
95
Calculate the remainder when 134 is divided by 43.
5
What is the remainder when 105 is divided by 74?
31
What is the remainder when 93739 is divided by 218?
217
What is the remainder when 10096 is divided by 51?
49
What is the remainder when 557 is divided by 110?
7
Calculate the remainder when 60 is divided by 13.
8
What is the remainder when 176 is divided by 3?
2
Calculate the remainder when 307 is divided by 75.
7
Calculate the remainder when 164 is divided by 68.
28
What is the remainder when 181 is divided by 33?
16
Calculate the remainder when 445 is divided by 109.
9
Calculate the remainder when 2998 is divided by 748.
6
What is the remainder when 5156 is divided by 2575?
6
Calculate the remainder when 2464 is divided by 40.
24
What is the remainder when 1743 is divided by 92?
87
What is the remainder when 76 is divided by 7?
6
Calculate the remainder when 1368 is divided by 153.
144
Calculate the remainder when 5824 is divided by 51.
10
Calculate the remainder when 1621 is divided by 28.
25
What is the remainder when 149 is divided by 4?
1
What is the remainder when 213 is divided by 55?
48
Calculate the remainder when 126 is divided by 22.
16
What is the remainder when 451 is divided by 5?
1
Calculate the remainder when 18 is divided by 1.
0
Calculate the remainder when 284 is divided by 11.
9
Calculate the remainder when 823 is divided by 55.
53
Calculate the remainder when 2858 is divided by 20.
18
Calculate the remainder when 1790 is divided by 64.
62
What is the remainder when 423 is divided by 17?
15
What is the remainder when 1